
Calculate the remainder when 81738 is divided by 61.
59
Calculate the remainder when 8330 is divided by 8297.
33
What is the remainder when 51892 is divided by 154?
148
What is the remainder when 7987 is divided by 332?
19
Calculate the remainder when 3502 is divided by 658.
212
What is the remainder when 834317 is divided by 79?
77
What is the remainder when 4150 is divided by 27?
19
What is the remainder when 19607 is divided by 701?
680
What is the remainder when 11188 is divided by 11150?
38
What is the remainder when 2346 is divided by 122?
28
Calculate the remainder when 131770 is divided by 316.
314
Calculate the remainder when 360120 is divided by 13.
7
What is the remainder when 4663 is divided by 323?
141
What is the remainder when 2296 is divided by 113?
36
Calculate the remainder when 9319 is divided by 15.
4
Calculate the remainder when 20690 is divided by 215.
50
What is the remainder when 69229 is divided by 115?
114
What is the remainder when 16736 is divided by 467?
391
What is the remainder when 4910 is divided by 86?
8
What is the remainder when 50443 is divided by 12605?
23
What is the remainder when 39110 is divided by 11?
5
Calculate the remainder when 97152 is divided by 341.
308
What is the remainder when 447925 is divided by 7?
2
What is the remainder when 9921 is divided by 82?
81
What is the remainder when 15105 is divided by 5001?
102
Calculate the remainder when 91075 is divided by 15.
10
Calculate the remainder when 724 is divided by 220.
64
What is the remainder when 30733 is divided by 272?
269
What is the remainder when 683807 is divided by 58?
45
Calculate the remainder when 17863 is divided by 22.
21
What is the remainder when 30490 is divided by 3049?
0
Calculate the remainder when 4176 is divided by 215.
91
Calculate the remainder when 104835 is divided by 225.
210
What is the remainder when 12993 is divided by 394?
385
Calculate the remainder when 2738 is divided by 341.
10
Calculate the remainder when 25611 is divided by 461.
256
What is the remainder when 22417 is divided by 458?
433
Calculate the remainder when 876 is divided by 725.
151
What is the remainder when 3526 is divided by 294?
292
What is the remainder when 638 is divided by 638?
0
Calculate the remainder when 3741 is divided by 75.
66
What is the remainder when 1086475 is divided by 389?
387
Calculate the remainder when 1313 is divided by 164.
1
Calculate the remainder when 4517 is divided by 174.
167
What is the remainder when 114447 is divided by 70?
67
What is the remainder when 18165 is divided by 206?
37
Calculate the remainder when 91606 is divided by 32.
22
Calculate the remainder when 12815 is divided by 196.
75
Calculate the remainder when 5030 is divided by 208.
38
Calculate the remainder when 18181 is divided by 20.
1
What is the remainder when 90409 is divided by 15066?
13
Calculate the remainder when 8105 is divided by 704.
361
What is the remainder when 123712 is divided by 474?
472
What is the remainder when 10114 is divided by 78?
52
Calculate the remainder when 69362 is divided by 17323.
70
What is the remainder when 2368203 is divided by 23?
8
What is the remainder when 87040 is divided by 5440?
0
What is the remainder when 1531 is divided by 575?
381
What is the remainder when 4170 is divided by 240?
90
What is the remainder when 196435 is divided by 2365?
140
Calculate the remainder when 4976 is divided by 189.
62
Calculate the remainder when 601 is divided by 86.
85
Calculate the remainder when 17931 is divided by 79.
77
What is the remainder when 1412357 is divided by 248?
245
Calculate the remainder when 24684 is divided by 913.
33
Calculate the remainder when 4066 is divided by 85.
71
Calculate the remainder when 114734 is divided by 57249.
236
Calculate the remainder when 2383 is divided by 190.
103
What is the remainder when 28175 is divided by 1878?
5
Calculate the remainder when 80511 is divided by 33.
24
Calculate the remainder when 72230 is divided by 18056.
6
What is the remainder when 436457 is divided by 8082?
29
Calculate the remainder when 730 is divided by 563.
167
What is the remainder when 1304644 is divided by 14?
12
Calculate the remainder when 28308 is divided by 7075.
8
What is the remainder when 2389 is divided by 151?
124
Calculate the remainder when 274474 is divided by 24951.
13
What is the remainder when 254561 is divided by 42424?
17
Calculate the remainder when 83011 is divided by 1010.
191
Calculate the remainder when 2266560 is divided by 131.
129
What is the remainder when 19234 is divided by 104?
98
What is the remainder when 57958 is divided by 92?
90
What is the remainder when 34879 is divided by 179?
153
What is the remainder when 9016 is divided by 51?
40
What is the remainder when 20625 is divided by 5107?
197
Calculate the remainder when 1041 is divided by 39.
27
What is the remainder when 190398 is divided by 85?
83
What is the remainder when 50626 is divided by 50608?
18
What is the remainder when 70416 is divided by 1006?
1002
Calculate the remainder when 399 is divided by 275.
124
Calculate the remainder when 5855 is divided by 5839.
16
Calculate the remainder when 34588 is divided by 2061.
1612
What is the remainder when 188366 is divided by 2854?
2
What is the remainder when 9793 is divided by 65?
43
What is the remainder when 33473 is divided by 11153?
14
Calculate the remainder when 6276 is divided by 110.
6
Calculate the remainder when 35456 is divided by 59.
56
Calculate the remainder when 611883 is divided by 1877.
1858
Calculate the remainder when 32398 is divided by 810.
808
What is the remainder when 141074 is divided by 46958?
200
What is the remainder when 4870 is divided by 991?
906
Calculate the remainder when 21224 is divided by 416.
8
Calculate the remainder when 10359 is divided by 103.
59
Calculate the remainder when 2952 is divided by 23.
8
Calculate the remainder when 36574 is divided by 174.
34
What is the remainder when 19774 is divided by 122?
10
What is the remainder when 2301 is divided by 83?
60
What is the remainder when 9071789 is divided by 70?
69
What is the remainder when 7841 is divided by 15?
11
What is the remainder when 2249 is divided by 1121?
7
Calculate the remainder when 2747 is divided by 752.
491
What is the remainder when 63101 is divided by 278?
273
What is the remainder when 111439 is divided by 222?
217
Calculate the remainder when 96204 is divided by 28.
24
Calculate the remainder when 51526 is divided by 55.
46
Calculate the remainder when 318 is divided by 27.
21
Calculate the remainder when 1616 is divided by 1593.
23
What is the remainder when 654505 is divided by 21?
19
What is the remainder when 21037 is divided by 263?
260
What is the remainder when 163968 is divided by 168?
0
Calculate the remainder when 100229 is divided by 33387.
68
What is the remainder when 38249 is divided by 316?
13
Calculate the remainder when 981 is divided by 57.
12
What is the remainder when 87115 is divided by 396?
391
What is the remainder when 10734 is divided by 284?
226
Calculate the remainder when 27080 is divided by 158.
62
What is the remainder when 3316932 is divided by 1708?
1704
What is the remainder when 14077 is divided by 48?
13
Calculate the remainder when 1200 is divided by 47.
25
What is the remainder when 5435 is divided by 451?
23
Calculate the remainder when 17458 is divided by 243.
205
What is the remainder when 29185 is divided by 1619?
43
What is the remainder when 940152 is divided by 807?
804
What is the remainder when 9129 is divided by 761?
758
Calculate the remainder when 24952 is divided by 137.
18
Calculate the remainder when 10448 is divided by 1737.
26
What is the remainder when 48633 is divided by 47?
35
What is the remainder when 889 is divided by 101?
81
What is the remainder when 1033 is divided by 256?
9
Calculate the remainder when 1584 is divided by 132.
0
Calculate the remainder when 32828 is divided by 108.
104
Calculate the remainder when 118737 is divided by 23747.
2
What is the remainder when 26055 is divided by 26045?
10
What is the remainder when 1149 is divided by 154?
71
What is the remainder when 5485 is divided by 5474?
11
Calculate the remainder when 150516 is divided by 15047.
46
Calculate the